 -100?
163036
In base 2, what is 111 + -110000101011?
-110000100100
In base 4, what is 1001 - -2133133?
2200200
In base 3, what is 11011 - 10212?
22
In base 14, what is -7a - 26?
-a2
In base 2, what is -1110000001 + -111011?
-1110111100
In base 13, what is 2 - -a5362?
a5364
In base 3, what is 22122 + -10112101?
-10012202
In base 7, what is -2353 - 2141?
-4524
In base 12, what is 5815 - -5?
581a
In base 16, what is -6cd + -b?
-6d8
In base 14, what is a8c + d2?
b80
In base 7, what is -245 - -2305?
2030
In base 15, what is -2 + 291?
28e
In base 15, what is bb9d + -17?
bb86
In base 10, what is -50 - -828?
778
In base 11, what is 2 - a65a?
-a658
In base 14, what is -691a4 - 0?
-691a4
In base 7, what is -10 + 214042?
214032
In base 12, what is -502a + 3?
-5027
In base 16, what is -109f0 + 5?
-109eb
In base 8, what is 32161 + -11?
32150
In base 16, what is 2a0a6 - 1b?
2a08b
In base 4, what is 3233 + 1130?
11023
In base 7, what is -16434 - 0?
-16434
In base 3, what is 101210122012 + 1?
101210122020
In base 4, what is -10033220 - 100?
-10033320
In base 15, what is 43b + 3?
43e
In base 12, what is -3 - -12603?
12600
In base 2, what is 10111 + 1011000100010100?
1011000100101011
In base 14, what is -2 + 3b8c?
3b8a
In base 14, what is 2 + -c019?
-c017
In base 2, what is -101 - 11100011110100?
-11100011111001
In base 6, what is -4 - 103235?
-103243
In base 4, what is -23212032000 + 3?
-23212031331
In base 4, what is -321233 + -2023?
-323322
In base 10, what is 73268 + -5?
73263
In base 5, what is -32114030 + -4?
-32114034
In base 16, what is d - e2?
-d5
In base 12, what is 2451 + 2?
2453
In base 10, what is 12111 + 31?
12142
In base 4, what is 20031 + 23?
20120
In base 16, what is 1 - 1498?
-1497
In base 9, what is 3 + -7478?
-7475
In base 3, what is -1212212111 - 21?
-1212212202
In base 13, what is 41 - 1225?
-11b4
In base 3, what is -1001 - 1000?
-2001
In base 11, what is -1731a + 39?
-17291
In base 15, what is 1 + 4ce3?
4ce4
In base 13, what is 61 + -204?
-173
In base 10, what is 2 + -53292?
-53290
In base 5, what is 340000033 - 0?
340000033
In base 12, what is -4258 - 2b1?
-4549
In base 3, what is -101110112020 + 1?
-101110112012
In base 2, what is -10011100100001 + 10011?
-10011100001110
In base 13, what is 68 - 4c4?
-459
In base 12, what is -14b - 787a?
-7a09
In base 6, what is 2024 + 44?
2112
In base 16, what is -1 - -1c03d?
1c03c
In base 3, what is 2 - -2120001011?
2120001020
In base 2, what is -1000100101110011100011 + -10?
-1000100101110011100101
In base 2, what is 101 - -1110010111001110?
1110010111010011
In base 3, what is 20111201 - -122?
20112100
In base 11, what is -234 + 10a?
-125
In base 6, what is -1551 + -125?
-2120
In base 8, what is -3 + -31700?
-31703
In base 5, what is -1303 - 4114?
-10422
In base 14, what is -61c14 + 4?
-61c10
In base 8, what is 321 - 600?
-257
In base 16, what is 7a5 + -d?
798
In base 9, what is 8 + -50835?
-50826
In base 6, what is 3451 - -3232?
11123
In base 3, what is -2201222210 + -102?
-2202000012
In base 12, what is 1b9947 - 2?
1b9945
In base 4, what is -213100 - -323?
-212111
In base 14, what is 5 + -1543d?
-15438
In base 9, what is -28175 - 16?
-28202
In base 5, what is -13204 + 33?
-13121
In base 12, what is 2a46 - 46?
2a00
In base 4, what is -2021301 + -113?
-2022020
In base 4, what is 1303031 + 301?
1303332
In base 9, what is -281865 - -4?
-281861
In base 11, what is -5 - 3602?
-3607
In base 7, what is -103156 + -16?
-103205
In base 3, what is -21101222 + 20?
-21101202
In base 11, what is 1 - -71327?
71328
In base 3, what is 12002022101 + -12?
12002022012
In base 14, what is -494 + -44?
-4d8
In base 6, what is 324403 + 4?
324411
In base 10, what is 1 + 118400?
118401
In base 2, what is 11100110001010010 - -110111?
11100110010001001
In base 12, what is -2 + -6b37?
-6b39
In base 16, what is 39 + 1b9a?
1bd3
In base 9, what is -1860 + 135?
-1724
In base 14, what is 5 - -c245?
c24a
In base 3, what is 1010120112 + -1010?
1010112102
In base 4, what is -11000 + -22033?
-33033
In base 14, what is -13b35 + -80?
-13bb5
In base 9, what is 2384 + 3682?
6176
In base 9, what is -6260 - 281?
-6551
In base 16, what is 1af1e + -1?
1af1d
In base 5, what is -3 + 4320341?
4320333
In base 15, what is 5 - b755?
-b750
In base 4, what is 20 + 3332111?
3332131
In base 3, what is 10 - -1220112200?
1220112210
In base 10, what is 0 - -2999?
2999
In base 16, what is 2d23 - 2?
2d21
In base 11, what is 9 + 12496?
124a4
In base 12, what is 3aa26 - -3?
3aa29
In base 5, what is -210434 - -102?
-210332
In base 5, what is -414014 - 221?
-414240
In base 11, what is 4 + -277807?
-277803
In base 5, what is 43 + 10020433?
10021031
In base 13, what is 75 - -7bb?
863
In base 5, what is -21110 + -1114?
-22224
In base 9, what is 17 + -4777?
-4760
In base 2, what is -11111010 + 100?
-11110110
In base 8, what is -2 + 355324?
355322
In base 15, what is 9 + 222c8?
222d2
In base 16, what is -2458b - 3?
-2458e
In base 11, what is 279 - 170?
109
In base 5, what is -32 + 3?
-24
In base 10, what is 51 - 24081?
-24030
In base 6, what is 1045 - -551?
2040
In base 8, what is 267 + -2630?
-2341
In base 7, what is 1010533 + -1?
1010532
In base 10, what is 47155 - -8?
47163
In base 8, what is 174 + 1561?
1755
In base 11, what is 2021 + -671?
1460
In base 6, what is 11 - 152244?
-152233
In base 15, what is 11a - -235?
350
In base 3, what is 110002021111 + 2?
110002021120
In base 9, what is -77741 - 7?
-77748
In base 5, what is 122 - -4301?
4423
In base 15, what is -249 + 25?
-224
In base 7, what is 2 + -5256456?
-5256454
In base 16, what is 1befad - 5?
1befa8
In base 5, what is -113 + -4220112?
-4220230
In base 6, what is 1152520 - -100?
1153020
In base 10, what is 2490 + 7?
2497
In base 5, what is 13223112 - 3?
13223104
In base 15, what is 5 + 315a5?
315aa
In base 3, what is 100211 + -12201222?
-12101011
In base 6, what is -1242432 - 31?
-1242503
In base 2, what is -1110101010 - -1010100?
-1101010110
In base 15, what is -b6a8 - -5?
-b6a3
In base 5, what is -24 - 313?
-342
In base 13, what is -1 + 2b0993?
2b0992
In base 11, what is -35482 - 7?
-35489
In base 2, what is -101100101100010101010100 + -1?
-101100101100010101010101
In base 16, what is 2e + -5c37?
-5c09
In base 6, what is -31534015 + -2?
-31534021
In base 2, what is -100 - 10110001011111101?
-10110001100000001
In base 4, what is -123220212322 + 3?
-123220212313
In base 11, what is 8 - -38154?
38161
In base 8, what is 410 + 12605?
13215
In base 10, what is 4664 + -24?
4640
In base 10, what is -47 + 944?
897
In base 12, what is -7127 - 17?
-7142
In base 5, what is -11 - 41314403?
-41314414
In base 15, what is 43 - -2d?
71
In base 11, what is -3 + 104300?
1042a8
In base 5, what is 421022400 - -3?
421022403
In base 4, what is -1012200232110 + 0?
-1012200232110
In base 16, what is -5 - 569c?
-56a1
In base 5, what is 323123 - 44?
323024
In base 14, what is 132 - -174?
2a6
In base 9, what is -3 - -2057?
2054
In base 5, what is 32 + -102133?
-102101
In base 14, what is 2b9 + 5?
2c0
In base 10, what is 370 - -50?
420
In base 11, what is -4 + 149183?
14917a
In base 14, what is -10 + -1d25?
-1d35
In base 2, what is 1011 + -101011011?
-101010000
In base 14, what is 245945 - 1?
245944
In base 10, what is 750864 + -2?
750862
In base 15, what is c68 + -9a?
bbd
In base 15, what is -8d - 1099?
-1137
In base 3, what is 0 + 102010102012?
102010102012
In base 2, what is 11101 + -11000110000?
-11000010011
In base 4, what is -1 + -32001212?
-32001213
In base 6, what is 102 - -4311?
4413
In base 14, what is 17b44 - -8?
17b4c
In base 2, what is 1001001010 + 100101?
1001101111
In base 9, what is 0 - -13435?
13435
In base 9, what is 81 + 1627?
1718
In base 15, what is -112 - 379?
-48b
In base 6, what is -30434 + 151?
-30243
In base 14, what is 379d - -9?
37a8
In base 9, what is 3442 + 4?
3446
In base 8, what is -406244 - 2?
-406246
In base 16, what is -3 + -f01?
-f04
In base 13, what is 75546 + 8?
75551
In base 8, what is -17 + -3074?
-3113
In base 5, what is 1 - 4231311?
-4231310
In base 7, what is 4 + -5425?
-5421
In base 13, what is 25a0 + -67?
2536
In base 8, what is -1512 + 543?
-747
In base 15, what is 872c - 0?
872c
In base 16, what is -5 - f9a2?
-f9a7
In base 14, what is b + -53294?
-53287
In base 16, what is -e + 30a